235889
What are the prime factors of 46050547?
19, 61, 39733
List the prime factors of 261087265.
5, 19, 2748287
What are the prime factors of 232307666?
2, 116153833
What are the prime factors of 181787361?
3, 7, 541, 16001
List the prime factors of 57862199.
709, 81611
What are the prime factors of 20545805?
5, 7, 157, 3739
What are the prime factors of 1510721301?
3, 41, 257, 47791
List the prime factors of 48272808.
2, 3, 677, 2971
What are the prime factors of 81549177?
3, 3539, 7681
What are the prime factors of 152688233?
37, 809, 5101
What are the prime factors of 100717680?
2, 3, 5, 7, 59951
What are the prime factors of 620803068?
2, 3, 51733589
List the prime factors of 8348624.
2, 521789
What are the prime factors of 447115672?
2, 277, 201767
List the prime factors of 223805202.
2, 3, 227, 164321
List the prime factors of 97613515.
5, 19522703
What are the prime factors of 55369247?
379, 146093
What are the prime factors of 3317268151?
3317268151
What are the prime factors of 7110404?
2, 7, 23, 61, 181
List the prime factors of 44982357.
3, 7, 17, 126001
What are the prime factors of 5100559?
173, 29483
What are the prime factors of 8711556?
2, 3, 7, 137, 757
List the prime factors of 624221733.
3, 1999, 104089
What are the prime factors of 969968743?
3163, 306661
What are the prime factors of 45952522?
2, 7, 11, 179, 1667
What are the prime factors of 391923375?
3, 5, 1045129
What are the prime factors of 46277274?
2, 3, 19, 41, 9901
List the prime factors of 683446974.
2, 3, 7, 16272547
What are the prime factors of 27110723?
101, 181, 1483
List the prime factors of 1254227372.
2, 313556843
List the prime factors of 19417896.
2, 3, 37, 197
What are the prime factors of 216983454?
2, 3, 79, 229, 1999
What are the prime factors of 194762667?
3, 11, 293, 20143
What are the prime factors of 1401032622?
2, 3, 11, 43, 44879
List the prime factors of 313791376.
2, 37, 53, 73, 137
What are the prime factors of 1068298134?
2, 3, 179, 994691
What are the prime factors of 326477591?
11, 29679781
List the prime factors of 1116127588.
2, 17, 16413641
What are the prime factors of 88897385?
5, 17779477
What are the prime factors of 210268178?
2, 73, 443, 3251
What are the prime factors of 1173390289?
59, 19887971
What are the prime factors of 15209545?
5, 13, 233993
What are the prime factors of 144791383?
11, 643, 1861
List the prime factors of 855394942.
2, 427697471
What are the prime factors of 178390956?
2, 3, 14865913
List the prime factors of 193688659.
53, 3654503
What are the prime factors of 599542202?
2, 7, 643, 66601
List the prime factors of 905778.
2, 3, 50321
List the prime factors of 28422814.
2, 7, 101, 20101
List the prime factors of 122709697.
11, 151, 73877
List the prime factors of 8308493.
8308493
List the prime factors of 36610380.
2, 3, 5, 31
List the prime factors of 200254869.
3, 7416847
List the prime factors of 1314637743.
3, 438212581
List the prime factors of 80457308.
2, 991, 20297
List the prime factors of 2690930.
2, 5, 11, 17, 1439
What are the prime factors of 80391949?
11, 47, 131, 1187
List the prime factors of 1266043149.
3, 7, 2011, 3331
What are the prime factors of 3513890802?
2, 3, 585648467
What are the prime factors of 3512995697?
20981, 167437
What are the prime factors of 170375296?
2, 7, 13, 14627
List the prime factors of 2105628057.
3, 13, 17996821
List the prime factors of 74628747.
3, 227, 36529
What are the prime factors of 907456474?
2, 453728237
What are the prime factors of 2190816396?
2, 3, 6761779
List the prime factors of 106052072.
2, 7, 19, 29, 491
List the prime factors of 367200912.
2, 3, 13, 588463
List the prime factors of 4218328661.
29, 397, 366397
List the prime factors of 79470730.
2, 5, 19, 29, 14423
List the prime factors of 2983908271.
43541, 68531
What are the prime factors of 2252085529?
6803, 331043
List the prime factors of 265995966.
2, 3, 23, 1927507
What are the prime factors of 29524160?
2, 5, 257, 359
List the prime factors of 4536257904.
2, 3, 19, 6823
List the prime factors of 58568741.
7, 11, 23, 33071
What are the prime factors of 2585722009?
13, 198901693
List the prime factors of 2769914634.
2, 3, 491, 940229
What are the prime factors of 480066190?
2, 5, 43, 83, 13451
List the prime factors of 94973603.
6841, 13883
List the prime factors of 134881945.
5, 11, 2452399
What are the prime factors of 346328702?
2, 59, 2934989
What are the prime factors of 60340295?
5, 19, 277, 2293
What are the prime factors of 54857072?
2, 3428567
What are the prime factors of 10163528?
2, 1270441
What are the prime factors of 3175588951?
3175588951
What are the prime factors of 433621460?
2, 5, 43, 73, 6907
List the prime factors of 11242281.
3, 19, 197233
What are the prime factors of 299942295?
3, 5, 263, 76031
What are the prime factors of 345724717?
13, 101, 179, 1471
List the prime factors of 636724363.
11, 281, 205993
List the prime factors of 55529655.
3, 5, 3701977
List the prime factors of 2805340415.
5, 561068083
List the prime factors of 340636779.
3, 7, 257473
List the prime factors of 40244966.
2, 331, 60793
List the prime factors of 6435140718.
2, 3, 1072523453
List the prime factors of 4025776.
2, 251611
What are the prime factors of 208446258?
2, 3, 29, 1039, 1153
List the prime factors of 1427281376.
2, 17, 23, 114073
What are the prime factors of 506143576?
2, 63267947
What are the prime factors of 946690504?
2, 19, 6228227
What are the prime factors of 45070393?
277, 162709
List the prime factors of 376071792.
2, 3, 199, 39371
What are the prime factors of 847666196?
2, 13, 23, 708751
List the prime factors of 122193231.
3, 40731077
List the prime factors of 35292188.
2, 29, 367, 829
List the prime factors of 1517341599.
3, 56197837
What are the prime factors of 61929267?
3, 191, 108079
List the prime factors of 146252122.
2, 17, 53, 277, 293
List the prime factors of 21321936.
2, 3, 263, 563
What are the prime factors of 152787317?
152787317
What are the prime factors of 291706628?
2, 47, 157, 9883
What are the prime factors of 1185900373?
7, 887, 190997
List the prime factors of 161523299.
7, 31, 127, 5861
What are the prime factors of 10034614?
2, 283, 17729
What are the prime factors of 15453526?
2, 11, 702433
What are the prime factors of 58746945?
3, 5, 23, 47, 3623
What are the prime factors of 213169203?
3, 13, 1821959
What are the prime factors of 2409255627?
3, 803085209
What are the prime factors of 6613849?
11, 601259
List the prime factors of 26809520.
2, 5, 53, 6323
List the prime factors of 855117867.
3, 17, 29, 19937
What are the prime factors of 350428172?
2, 19, 4610897
What are the prime factors of 869725322?
2, 173, 2513657
What are the prime factors of 3277305124?
2, 819326281
List the prime factors of 37443441.
3, 7, 563, 3167
What are the prime factors of 128206240?
2, 5, 801289
What are the prime factors of 52807034?
2, 7, 23, 163997
List the prime factors of 158278338.
2, 3, 1759, 4999
What are the prime factors of 112741701?
3, 37, 1015691
List the prime factors of 325969455.
3, 5, 7, 23, 43, 73
List the prime factors of 514596970.
2, 5, 17, 3027041
List the prime factors of 7987560331.
43, 1489, 124753
What are the prime factors of 51580026?
2, 3, 2865557
What are the prime factors of 90302657?
17, 5311921
List the prime factors of 426420443.
977, 436459
List the prime factors of 195609265.
5, 349, 112097
What are the prime factors of 62464391?
11, 5678581
What are the prime factors of 764097330?
2, 3, 5, 47, 149, 3637
What are the prime factors of 104380652?
2, 26095163
What are the prime factors of 294605328?
2, 3, 353, 17387
What are the prime factors of 992523042?
2, 3, 7, 7877167
List the prime factors of 87885493.
87885493
What are the prime factors of 1092459290?
2, 5, 13, 23, 29, 43, 293
What are the prime factors of 2838382667?
2838382667
List the prime factors of 811763039.
17, 223, 214129
What are the prime factors of 240828234?
2, 3, 1607, 24977
What are the prime factors of 19679578?
2, 241, 40829
List the prime factors of 8723205145.
5, 109, 313, 51137
What are the prime factors of 30623474?
2, 7, 31, 41, 1721
What are the prime factors of 576139296?
2, 3, 1031, 5821
What are the prime factors of 117999842?
2, 19,